+ 116. Is k a prime number?
False
Let w be 60*((-21)/(-6) + -3). Suppose 0*c = 3*c - w. Let d(t) = t**3 - 9*t**2 + 13*t - 7. Is d(c) composite?
False
Suppose 2*a + 2*t - 344 = 0, -3*a - 5*t = -47 - 479. Suppose -z - a = -2*z. Is z prime?
True
Let z(n) = 2*n + 7. Let s be (2 - 12)*3/6. Let b be z(s). Is (-26)/(-3)*b/(-2) composite?
False
Suppose -5 = -5*n + 5. Suppose n*p = 8 + 14. Is p a prime number?
True
Let l = -5 - -5. Suppose -j + 3*j - 518 = l. Is j composite?
True
Let q(t) = 11*t - 1. Suppose 6*d - d = 5. Is q(d) a prime number?
False
Let b be ((-6)/(-15))/((-2)/(-60)). Let t be (-7)/(63/b)*-3. Suppose -y - 351 = -t*u, -3*u + 366 = u + 2*y. Is u prime?
True
Suppose -5*r - 112 + 467 = 0. Is r composite?
False
Let q be (-58)/((2 - 3)/1). Let g = q - -21. Is g composite?
False
Let y(o) = -4*o**3 - 2*o**2 - 2*o + 9. Is y(-7) a composite number?
False
Suppose -3*f + 8*f + 17 = 2*m, -14 = -5*m + 3*f. Let c(w) = -w**2 - w - 1. Let g(s) = -s**3 + 3*s**2 + 12*s + 9. Let t(i) = m*g(i) + 6*c(i). Is t(-5) composite?
False
Suppose 5*d = 98 + 452. Suppose 2*j - 180 = -5*i, 4*i - 3*j = 11 + d. Suppose -10 = 5*g, -3*x - 2*g = -x - i. Is x prime?
True
Suppose -4*p + 11 = -y, -7*y - 16 = -2*p - 3*y. Suppose -4*h - 3*u = -320, -5*h = -p*h + 5*u - 251. Is h a prime number?
False
Is 760/3 + (3 - 4)/3 composite?
True
Suppose -11*p + 20 = -7*p. Is 309/4 - p/20 prime?
False
Suppose -7*x - x = -496. Is x composite?
True
Suppose -5*j - 3*r - 2196 + 10655 = 0, 0 = 3*j + 2*r - 5075. Is j a prime number?
True
Let w be 9/4 - 1/4. Suppose w*l = 3*l - 203. Is l a prime number?
False
Let l = -16 - -71. Is l prime?
False
Let q = -11 - -17. Suppose -2*j - 4*h = -1662, -q*j - 2*h + 3294 = -2*j. Is j a prime number?
True
Let n be -2*3/2 - 149. Let h = n + 337. Is h composite?
True
Is (-952)/(-9) + 2/9 a composite number?
True
Let z = 5 + 2. Suppose -5*k = -w - z, 4 = 3*k - k - w. Suppose -2*j + 9 + k = 0, 4*x = 2*j + 46. Is x a composite number?
True
Let u(x) = 3*x - 15. Let b be u(11). Suppose 0 = 5*s + 3*h - 224, 5*h - b = -s + 40. Is s a composite number?
False
Suppose 3*c = 3*i + 5346, -6*c + 5*c - 2*i = -1779. Is c a composite number?
True
Suppose 5*c - 16 + 6 = 0. Let r(m) = 2*m**c + 4 - 4 + 4*m**3 - 2*m - 3 + 4. Is r(3) a prime number?
False
Suppose -b = 5*n - n + 28, b - 14 = 3*n. Is (4/n)/((-8)/156) a prime number?
True
Let w = -177 - -1113. Suppose o + 2*v = 3*o - w, -1896 = -4*o - 4*v. Is o prime?
False
Let s be 0 - 0 - (-3 - -5). Let u = -24 - s. Let r = 33 + u. Is r a composite number?
False
Suppose -y = 4*y, 3*y = -3*m + 2904. Let q = -327 + m. Is q a prime number?
True
Let r = -18 - -28. Let a = r + -34. Let i = a - -79. Is i a prime number?
False
Let v(n) = n**3 - 10*n**2 - 8*n - 8. Let k(c) = -c**3 + 11*c**2 + 8*c + 9. Let x(p) = -6*k(p) - 7*v(p). Is x(-7) prime?
False
Suppose -4*z + 12 = -0. Suppose g = z*i - 11, g + 5 = i - 0*g. Is (-78)/(-2) - (i - 1) a composite number?
False
Suppose 0*v - 12 = -3*v, -2*v = 3*a + 1. Let n be 2*a/(-4)*6. Let f = n + 1. Is f composite?
True
Let u = -11 + 11. Suppose -3*k - x + 397 = u, -4*x + 7*x + 512 = 4*k. Is k a prime number?
True
Suppose 8*y - 5*y = 21963. Is y a prime number?
True
Let r(v) = -8*v + 3. Suppose 8 = -2*k + 3*h, -2*h + 16 = -2*k - 2*k. Is r(k) composite?
True
Let g = -1010 + 1515. Suppose 5*c + 2*i - 1049 = 0, 5*i = -2*c + g - 98. Is c composite?
False
Let c(a) = 5*a**2 - 3*a + 3. Let w be c(2). Suppose -15 = -5*f + x, f + 0*x - 3*x = w. Suppose p = -f*p + 291. Is p composite?
False
Suppose -32*q + 175 = -27*q. Is q a composite number?
True
Let l(m) = -m**2 - 7*m + 3. Let z = 13 - 18. Is l(z) composite?
False
Let n(t) = -t**3 + t**2 - t. Let u be n(2). Let s(m) = 7*m**2 + 5*m + 1. Is s(u) a prime number?
True
Let r = 5 - 0. Suppose -r*n + 1147 = -2*l - 2*l, -2*l - 687 = -3*n. Suppose -u = 2*p - n, -4*u + 43 = 5*p - 526. Is p composite?
False
Let u be -1 + 3/(3/13). Let w = 21 - u. Is w composite?
True
Suppose 925 = 4*l + l. Suppose 600 = 5*w + l. Is w composite?
False
Let a be 12124/36 + 4/18. Let g(q) = -52*q + 10. Let i be g(-15). Suppose 3*o = 2*b - a, -b = -6*b - 3*o + i. Is b prime?
False
Let q be (0 - 2)*16/(-2). Let h = -6 + q. Is h a composite number?
True
Let t = 301 - 58. Suppose -t = -2*j + m, -3*j + j + 245 = -3*m. Is j prime?
False
Let l(s) = -s**2 + s. Let n be l(0). Suppose -3*t = -n*t - 9. Suppose t*c + 39 = 6*c. Is c a prime number?
True
Suppose 0*k - 12 = -3*k. Suppose 0 = -4*h - 0*h, 4*n - k*h - 88 = 0. Suppose 0 = -f + 4*t + n, 0 = -f - t + 2*t + 13. Is f a composite number?
True
Let f = 8 + -8. Suppose f*g = -4*g + 140. Is g composite?
True
Let l(j) = j**2 - 7*j + 4. Let b be l(8). Let g = b - 4. Suppose -3*a + 43 = 2*a + 4*f, -g = -4*f. Is a prime?
True
Let s(x) = 11*x**2 + 4*x + 5. Let y(h) = -11*h**2 - 4*h - 6. Let f(c) = 4*s(c) + 3*y(c). Let m = 3 - 6. Is f(m) a prime number?
True
Is 3 + -7 + 1 - -496 prime?
False
Suppose 13*t - 13410 = 6623. Is t prime?
False
Let o = -3 + 6. Is 485/o + (-8)/12 prime?
False
Suppose -3*m + 8695 = -4*s, -m - 4*m + 14507 = s. Is m a composite number?
True
Suppose 5*r = -15, -3*y - r = 3*r + 6. Suppose 2*j + 3*j = 55. Suppose 0 = 2*s - 5*b + j, -3*s + 2 = -y*s - b. Is s prime?
True
Let d(y) = 3*y**2 + 2*y - 14. Is d(-9) composite?
False
Is 141/(-10)*-2*5 a composite number?
True
Let o(b) = -15*b**3 - b**2 + 3*b + 4. Suppose 5 = -2*p - 1. Is o(p) a prime number?
False
Let i(x) = -7*x - 2. Let u be i(-5). Suppose -g = 5*n - 0*g - u, -2*n = -5*g - 24. Is 10 + 0 - (-4 + n) a prime number?
True
Let i = -7 + 9. Suppose -6*b + i*b + n + 894 = 0, -4*n + 1107 = 5*b. Is b composite?
False
Let a(f) = -f**3 + 14*f**2 - 18*f + 26. Is a(11) composite?
False
Suppose 0 = -2*s + 5*s - 759. Is (-6 + 7)/(1/s) composite?
True
Suppose 2*d - 124 = 390. Is d composite?
False
Is (184/(-12))/(2/(-3)) prime?
True
Is (-35 + 1)/(19 - 20) composite?
True
Let l = -300 + 449. Suppose 0 = 4*g - 399 - l. Suppose y + 3*y = -5*v + g, -3*y = -2*v + 41. Is v a prime number?
False
Suppose -2*i - 2223 + 7345 = 4*w, 4*w - 5*i = 5157. Is w prime?
True
Let u = 484 + -327. Is 3/12*u*28 a composite number?
True
Suppose 7*t - 70 = 2*t. Let v(w) = 9*w - 5*w + t*w - 1. Is v(3) prime?
True
Suppose -3*x + 4419 = 6*x. Is x composite?
False
Suppose -3503 = -8*u + 9. Is u composite?
False
Suppose 0 = 3*i - 2*u - 3*u + 19, 0 = 4*i + u - 13. Suppose 4*d - 555 = -d - 2*m, i*d + m - 222 = 0. Is d composite?
True
Suppose 1131 = 7*k + 88. Is k a composite number?
False
Let y be ((-26)/(-2))/((-1)/(-1)). Let h(c) = 12*c - 8. Let j be h(6). Let w = j + y. Is w prime?
False
Suppose q - 4*z = -6*z + 303, 5*q + z - 1470 = 0. Is q composite?
False
Suppose -9 = -2*z - z. Suppose 3*r - m = -9, -4*r + 4*m - 1 = z. Is (154/r)/(6/(-12)) composite?
True
Is 1/2*35764*(-4)/(-8) a composite number?
False
Suppose 0 = -7*y - 459 + 1768. Is y composite?
True
Let j = 1000 - 557. Is j a composite number?
False
Suppose 0 = -g + 7 - 1. Let r(o) be the second derivative of o**5/20 - o**4/3 + 3*o**3/2 - 7*o**2/2 + o. Is r(g) prime?
False
Suppose 41*q - 877 = 40*q. Is q a prime number?
True
Suppose 0 = -3*l + l + 14718. Is l/22*2/3 composite?
False
Let r = 3 + 2. Let c be r/(-2)*(-8)/10. Suppose -3*p = 2*s - 49, -c*p + 27 = s + 2*p. Is s prime?
True
Is ((-464)/2 - -2)/(-2) a composite number?
True
Let n = 106 - 87. Is n composite?
False
Let x = 18 - 13. Suppose -3*j + x*f = -797, -4*j - 124 = 3*f - 1148. Is j composite?
True
Let a(p) = -2*p - 23. Let j be a(-13). Suppose -606 = -3*d - j*v, -3*d + 72 = -2*v - 539. Is d a prime number?
False
Let d be 7/4 + 3/12. Suppose -81 - 19 = -d*r. Suppose 0 = 4*z + r - 382. Is z prime?
True
Let v be 4 - 1934*(-1)/2. Let g = -642 + v. Is g composite?
True
Suppose -3*w - 2*g = -8, -4*w + 4*g = 11 + 5. Suppose -4*u - 4*b + 488 = -7*b, 3*u - 2*b - 367 = w. Suppose 0*j - 2*p = -2*j + 60, 5*p + u = 4*j. Is j prime?
False
Let j(d) = 12*d**2 + 3 - 4*d**2 - 1. Is j(-2) a prime number?
False
Suppose -t = -0*t, 4*t = -2*y + 4. Suppose 0 = -2*w - 778 - 4122. Is 1/y + w/(-20) prime?
False
Let j be (-394)/(-9) + 10/45. Is (45/12 - -1)*j a composite number?
True
Let w(h) be the second derivative of -h**5/20 + h**4/4 + 5*h**3/6 - 5*h. Let a be w(4). Is (-3 + 1/a)*-28 a prime number?
False
Let r(k) = -3*